{"id":1338,"date":"2023-11-28T13:39:47","date_gmt":"2023-11-28T13:39:47","guid":{"rendered":"https:\/\/mutti-parma.com\/can-fr\/?post_type=product&#038;p=1338"},"modified":"2023-12-04T09:54:29","modified_gmt":"2023-12-04T09:54:29","slug":"sauce-tomate-et-parmigiano-reggiano","status":"publish","type":"product","link":"https:\/\/mutti-parma.com\/can-fr\/produits\/sauce-tomate-et-parmigiano-reggiano\/","title":{"rendered":"Sauce Tomate et Parmigiano Reggiano"},"content":{"rendered":"\n<div style=\"--media-width: 50\" class=\"wp-block-media-text alignwide has-media-on-the-right is-stacked-on-mobile is-style-hero has-background-image\"><img loading=\"lazy\" decoding=\"async\" class=\"wp-block-media-text__background\" alt=\"\" data-spai-crop=\"true\" src=\"https:\/\/mutti-parma.com\/app\/uploads\/sites\/3\/2019\/09\/texture-banner-mutti-pizza-sauce.jpg\" \/><div class=\"wp-block-media-text__content\"><div class=\"acf-breadcrumb my-4 md:my-8 text-center md:text-left\">\n  <nav>\n  <ol class=\"list-none text-md\">\n                  <li class=\"inline\">\n                      <a class=\"text-inherit\" href=\"https:\/\/mutti-parma.com\/can-fr\/\">\n              Accueil\n            <\/a>\n                                <span aria-hidden=\"true\">\/&nbsp;<\/span>\n                  <\/li>\n                        <li class=\"inline\">\n                      <a class=\"text-inherit\" href=\"https:\/\/mutti-parma.com\/can-fr\/produits\/\">\n              Products\n            <\/a>\n                            <\/li>\n            <\/ol>\n<\/nav>\n<\/div>\n\n\n\n<h1 class=\"wp-block-heading has-primary-color has-text-color\"><strong>Sauce Tomate et Parmigiano Reggiano<\/strong><\/h1>\n\n\n\n<p class=\"is-style-cursive has-xxl-font-size\">Sauce tomate cuisin\u00e9e<\/p>\n\n\n\n<p>La sauce tomate au Parmigiano Reggiano Mutti&nbsp;est r\u00e9alis\u00e9e \u00e0 partir d\u2019ingr\u00e9dients italiens premium&nbsp;: le Parmesan \u00ab&nbsp;<em>Parmigiano Reggiano&nbsp;\u00bb<\/em>&nbsp;AOP (Appellation d\u2019Origine Prot\u00e9g\u00e9e) affin\u00e9 durant 12 mois minimum, et notre Polpa Mutti, \u00e9labor\u00e9e avec des tomates cultiv\u00e9es, m\u00fbries et transform\u00e9es sous le soleil de nos champs en Italie.<br><br>Notre<strong> Sauce Tomate au Parmigiano Reggiano <\/strong>est SANS conservateurs, SANS additifs, SANS colorants et surtout SANS sucres ajout\u00e9s !<br><\/p>\n\n\n\n\n<div class=\"acf-characteristics\">\n  <div class=\"flex flex-wrap -m-2 justify-center sm:justify-between\">\n          <div class=\"m-2 w-24 text-center\">\n        <div style=\"height: 41px; width: 80px;\" class=\"mx-auto flex items-end justify-center mx-auto\">\n                      <img decoding=\"async\" width=\"85\" height=\"45\" src=\"https:\/\/mutti-parma.com\/app\/uploads\/sites\/3\/2019\/09\/icon-characteristics-flavor-fresh.svg\" class=\"w-full wp-image-300000108 attachment-full size-full\" alt=\"fresco\" style=\"max-height: 43px; max-width: 80px;\" loading=\"lazy\" \/>\n                  <\/div>\n        <p class=\"h6 text-inherit mt-3\">Saveur fra\u00eeche<\/p>\n      <\/div>\n          <div class=\"m-2 w-24 text-center\">\n        <div style=\"height: 41px; width: 80px;\" class=\"mx-auto flex items-end justify-center mx-auto\">\n                      <img decoding=\"async\" width=\"300\" height=\"142\" src=\"https:\/\/mutti-parma.com\/app\/uploads\/sites\/3\/2019\/09\/icon-characteristics-cooking-time-reduced.svg\" class=\"w-full wp-image-300000111 attachment-full size-full\" alt=\"cooking sketch\" style=\"max-height: 43px; max-width: 80px;\" loading=\"lazy\" \/>\n                  <\/div>\n        <p class=\"h6 text-inherit mt-3\">Id\u00e9al pour cuisiner rapidement<\/p>\n      <\/div>\n      <\/div>\n<\/div>\n\n\n<div class=\"acf-product-find-store\">\n      <a href=\"https:\/\/mutti-parma.com\/can-fr\/store-locator\/\" class=\"btn-solid\" target=\"_blank\">\n      <i class=\"fa-solid fa-map-marker-alt mr-1\" aria-hidden=\"true\"><\/i>\n      Store locator\n    <\/a>\n  <\/div>\n<\/div><figure class=\"wp-block-media-text__media\"><img loading=\"lazy\" decoding=\"async\" width=\"698\" height=\"1024\" src=\"https:\/\/mutti-parma.com\/app\/uploads\/sites\/21\/2023\/06\/9623-211007-mutti-parmigiano-680g-canada-9623-101-1-698x1024.png\" alt=\"\" class=\"wp-image-1340 size-full\" sizes=\"(min-width: 1440px) 528px,37vw\" data-spai-crop=\"false\" srcset=\"https:\/\/mutti-parma.com\/app\/uploads\/sites\/21\/2023\/06\/9623-211007-mutti-parmigiano-680g-canada-9623-101-1-698x1024.png 698w, https:\/\/mutti-parma.com\/app\/uploads\/sites\/21\/2023\/06\/9623-211007-mutti-parmigiano-680g-canada-9623-101-1-341x500.png 341w, https:\/\/mutti-parma.com\/app\/uploads\/sites\/21\/2023\/06\/9623-211007-mutti-parmigiano-680g-canada-9623-101-1-136x200.png 136w, https:\/\/mutti-parma.com\/app\/uploads\/sites\/21\/2023\/06\/9623-211007-mutti-parmigiano-680g-canada-9623-101-1-768x1126.png 768w, https:\/\/mutti-parma.com\/app\/uploads\/sites\/21\/2023\/06\/9623-211007-mutti-parmigiano-680g-canada-9623-101-1-150x220.png 150w, https:\/\/mutti-parma.com\/app\/uploads\/sites\/21\/2023\/06\/9623-211007-mutti-parmigiano-680g-canada-9623-101-1-600x880.png 600w, https:\/\/mutti-parma.com\/app\/uploads\/sites\/21\/2023\/06\/9623-211007-mutti-parmigiano-680g-canada-9623-101-1-1048x1536.png 1048w, https:\/\/mutti-parma.com\/app\/uploads\/sites\/21\/2023\/06\/9623-211007-mutti-parmigiano-680g-canada-9623-101-1-1397x2048.png 1397w, https:\/\/mutti-parma.com\/app\/uploads\/sites\/21\/2023\/06\/9623-211007-mutti-parmigiano-680g-canada-9623-101-1.png 1678w\" \/><\/figure><\/div>\n\n\n<div class=\"acf-product-nutrition-tabs alignwide\">\n  <div class=\"\">\n    <ul class=\"list-none flex justify-center sm:justify-left\">\n              <li class=\"mr-4\">\n          <a href=\"javascript: void(0)\" data-toggle=\"nutrition\" class=\"btn-outline \" data-gtm-track data-gtm-event=\"GAevent\" data-gtm-event-id=\"13\" data-gtm-category=\"recipe_information\" data-gtm-action=\"nutrition\" data-gtm-label=\"sauce_tomate_et_parmigiano_reggiano\">\n            Informations nutritionnelles\n          <\/a>\n        <\/li>\n                    <li>\n          <a href=\"#howtouse\" class=\"btn-outline \" data-gtm-track data-gtm-event=\"GAevent\" data-gtm-event-id=\"13\" data-gtm-category=\"recipe_information\" data-gtm-action=\"how_to_use\" data-gtm-label=\"sauce_tomate_et_parmigiano_reggiano\">\n            Comment cuisiner ce produit ? \n          <\/a>\n        <\/li>\n      \n          <\/ul>\n  <\/div>\n\n      <div class=\"flex flex-wrap mt-8 mb-4 hidden\" id=\"nutrition\">\n      <div class=\"w-full sm:w-1\/2\">\n        <p>La douceur aromatique des tomates italiennes associ\u00e9e au go\u00fbt intense du Parmigiano Reggiano AOP pour une sauce tomate riche et savoureuse.<\/p>\n<p><strong>Ingr\u00e9dients :<\/strong> Tomates hach\u00e9es, Pur\u00e9e de tomates Rossoro, Oignon, Huile d&rsquo;olive, Parmigiano Reggiano AOP. fromage** (lait, sel, enzymes), Ail, Sel, Basilic, Poivre noir, Origan.<\/p>\n<p>&nbsp;<\/p>\n\n      <\/div>\n      <div class=\"w-full mt-8 sm:mt-0 sm:w-1\/2 sm:pl-8 md:pl-16\">\n        \n          <table class=\"w-full\">\n            <thead>\n              <tr class=\"border-b\">\n                <th colspan=\"2\" class=\"py-2 text-left\">Nutritional values \/ 1\/2 tasse (125 mL)<\/thead>\n              <\/tr>\n            <\/thead>\n            <tbody>\n                              <tr class=\"border-b\">\n                  <th class=\"py-2 text-left font-normal\"><\/th>\n                  <td class=\"py-2 text-right\">% valeur quotidienne*<\/td>\n                <\/tr>\n                              <tr class=\"border-b\">\n                  <th class=\"py-2 text-left font-normal\">Calories<\/th>\n                  <td class=\"py-2 text-right\">110<\/td>\n                <\/tr>\n                              <tr class=\"border-b\">\n                  <th class=\"py-2 text-left font-normal\">Lipides<\/th>\n                  <td class=\"py-2 text-right\">7g (9%)<\/td>\n                <\/tr>\n                              <tr class=\"border-b\">\n                  <th class=\"py-2 text-left font-normal\">&#8211; Satur\u00e9s <\/th>\n                  <td class=\"py-2 text-right\">1.5 g (8%)<\/td>\n                <\/tr>\n                              <tr class=\"border-b\">\n                  <th class=\"py-2 text-left font-normal\">Glucides<\/th>\n                  <td class=\"py-2 text-right\">7g<\/td>\n                <\/tr>\n                              <tr class=\"border-b\">\n                  <th class=\"py-2 text-left font-normal\">&#8211; Fibres<\/th>\n                  <td class=\"py-2 text-right\">2g (7%)<\/td>\n                <\/tr>\n                              <tr class=\"border-b\">\n                  <th class=\"py-2 text-left font-normal\">&#8211; Sucres<\/th>\n                  <td class=\"py-2 text-right\">5g (5%)<\/td>\n                <\/tr>\n                              <tr class=\"border-b\">\n                  <th class=\"py-2 text-left font-normal\">Prot\u00e9ines<\/th>\n                  <td class=\"py-2 text-right\">3g<\/td>\n                <\/tr>\n                              <tr class=\"border-b\">\n                  <th class=\"py-2 text-left font-normal\">Cholest\u00e9rol<\/th>\n                  <td class=\"py-2 text-right\">5 mg<\/td>\n                <\/tr>\n                              <tr class=\"border-b\">\n                  <th class=\"py-2 text-left font-normal\">Sodium<\/th>\n                  <td class=\"py-2 text-right\">600 mg<\/td>\n                <\/tr>\n                              <tr class=\"border-b\">\n                  <th class=\"py-2 text-left font-normal\">Potassium<\/th>\n                  <td class=\"py-2 text-right\">500 mg (11%)<\/td>\n                <\/tr>\n                              <tr class=\"border-b\">\n                  <th class=\"py-2 text-left font-normal\">Calcium<\/th>\n                  <td class=\"py-2 text-right\">75 mg (6%)<\/td>\n                <\/tr>\n                              <tr class=\"border-b\">\n                  <th class=\"py-2 text-left font-normal\">Fer <\/th>\n                  <td class=\"py-2 text-right\">0.75 mg (4%)<\/td>\n                <\/tr>\n                              <tr class=\"border-b\">\n                  <th class=\"py-2 text-left font-normal\">*5% ou moins c&#039;est peu, 15% ou plus c&#039;est beaucoup<\/th>\n                  <td class=\"py-2 text-right\"><\/td>\n                <\/tr>\n                          <\/tbody>\n          <\/table>\n              <\/div>\n    <\/div>\n  <\/div>\n\n\n\n<div class=\"wp-block-media-text alignwide\" style=\"grid-template-columns:33% auto\"><figure class=\"wp-block-media-text__media\"><video\n  \n  autoplay\n  playsinline\n  muted\n  loop\n  loading=\"lazy\"\n  \n  \n  \n\n  \n      poster=\"https:\/\/mutti-parma.com\/app\/uploads\/sites\/3\/2020\/12\/texture-polpa-1000x630.jpg\"\n  >\n            <source src=\"https:\/\/cdn.mutti-parma.com\/app\/uploads\/sites\/3\/2020\/12\/texture-polpa-1000x630.mp4\" type=\"video\/mp4\">\n      <\/video>\n\n<\/figure><div class=\"wp-block-media-text__content\">\n<h2 class=\"wp-block-heading\">EN SAVOIR PLUS<\/h2>\n\n\n\n<p class=\"is-style-cursive has-xxl-font-size\">sur la Sauce Tomate et Parmigiano Reggiano Mutti<\/p>\n\n\n\n<p>Riche, savoureuse et pr\u00eate \u00e0 l\u2019emploi, notre sauce se distingue par son go\u00fbt unique de fromage Parmigiano Reggiano AOP. Cette recette offre alors une v\u00e9ritable exp\u00e9rience gustative, rehauss\u00e9e par la fra\u00eecheur de nos tomates Mutti. A cela s\u2019ajoute une touche d\u2019huile d\u2019olive dans le respect des traditions culinaires italiennes.<br><br>La sauce tomate au Parmigiano Reggiano est un accompagnement d\u00e9licat, dont la recette combine harmonieusement la saveur de la sauce tomate traditionnelle avec le go\u00fbt plus prononc\u00e9 du Parmigiano Reggiano. \u00c9labor\u00e9e \u00e0 partir de Polpa Mutti, cette sauce cuisin\u00e9e offre un accompagnement d\u00e9licieusement parfum\u00e9, qui s\u2019accordera \u00e0 merveille avec toutes vos pr\u00e9parations ! Elle sera id\u00e9ale \u00e0 utiliser comme sauce pour p\u00e2tes ou pour r\u00e9aliser les meilleures recettes m\u00e9diterran\u00e9ennes.<br><br>La sauce tomate au Parmigiano Reggiano est un classique italien qui accompagnera vos plats de p\u00e2tes, de riz, de c\u00e9r\u00e9ales\u2026 \u00e0 la perfection !<a>&nbsp;<\/a>Sans additifs, sans conservateurs, sans colorants et sans sucres ajout\u00e9s, la sauce tomate et Parmigiano Reggiano AOP saura ravir le palais de tous ceux qui aiment les produits de qualit\u00e9, simples, naturels et sans ajouts.<br><br>Un pot de sauce tomate pour les cuissons courtes, facile et rapide \u00e0 r\u00e9chauffer \u00e0 feu doux ou simplement au micro-onde, qui vous fera voyager de votre assiette jusque dans la c\u00e9l\u00e8bre Food Valley en Italie !<br><br>Go\u00fbtez la diff\u00e9rence !<\/p>\n\n\n<\/div><\/div>\n\n\n<div\n  class=\"acf-how-is-it-made alignwide text-center \"\n  data-vue-wrapper\n  >\n      <h2>QUEL EST SON MODE DE PRODUCTION?<\/h2>\n  \n  <slideshow :slides-per-view=\"3\" :slides-per-view-sm=\"1\" :slides-per-view-md=\"2\" name=\"How is it made\" class=\"mb-8\">\n      <\/slideshow>\n\n      <p class=\"is-style-cursive text-5xl\">Pour en savoir plus sur nos modes de production, consultez la page<\/p>\n  \n      <h3>\n      <a href=\"https:\/\/mutti-parma.com\/can-fr\/de-nos-champs-a-lassiette\/\" target=\"\">De nos champs \u00e0 l\u2019assiette<\/a>\n    <\/h3>\n  <\/div>\n\n\n\n\n\n<hr class=\"wp-block-separator has-alpha-channel-opacity alignwide\"\/>\n\n\n<div class=\"acf-comments alignwide my-8\">\n  <div class=\"flex flex-wrap mb-4 items-center text-center sm:text-left px-0 sm:px-2 md:px-0\">\n    <h3 class=\"w-full sm:w-auto is-style-cursive text-primary my-0 leading-none\">Share and review<\/h3>\n    <div class=\"w-full sm:w-auto flex-auto mt-1 sm:ml-8\">\n          <\/div>\n\n          <div class=\"mx-auto sm:ml-0 mt-3 sm:mt-0\">\n                  <div\n  class=\"shariff\"\n  data-button-style=\"icon\"\n  data-mail-body=\"https:\/\/mutti-parma.com\/can-fr\/produits\/sauce-tomate-et-parmigiano-reggiano\/\"\n  data-mail-subject=\"Sauce Tomate et Parmigiano Reggiano - Mutti\"\n  data-mail-url=\"mailto:\"\n  data-media-url=\"https:\/\/mutti-parma.com\/app\/uploads\/sites\/21\/2023\/06\/9623-211007-mutti-parmigiano-680g-canada-9623-101-1.png\"\n  data-services=\"[&#039;facebook&#039;, &#039;twitter&#039;, &#039;whatsapp&#039;, &#039;pinterest&#039;, &#039;mail&#039;]\"\n><\/div>\n              <\/div>\n      <\/div>\n\n  <div>\n                <\/div>\n<\/div>\n\n\n\n<hr class=\"wp-block-separator has-alpha-channel-opacity alignwide\"\/>\n\n\n\n<div class=\"wp-block-group alignwide is-style-default\"><div class=\"wp-block-group__inner-container is-layout-flow wp-block-group-is-layout-flow\">\n<div class=\"wp-block-columns alignwide is-layout-flex wp-container-core-columns-is-layout-9d6595d7 wp-block-columns-is-layout-flex\">\n<div class=\"wp-block-column is-layout-flow wp-block-column-is-layout-flow\">\n<h2 class=\"wp-block-heading\" id=\"sustainability\">Durabilit\u00e9<\/h2>\n\n\n\n<p class=\"is-style-cursive\">Pour nous, durabilit\u00e9 est synonyme de respect de la terre<\/p>\n\n\n\n<h4 class=\"wp-block-heading\">Coop\u00e9ration avec le WWF<\/h4>\n\n\n\n<p>Mutti a travaill\u00e9 en \u00e9troite collaboration avec le WWF Italie afin d\u2019aider les agriculteurs \u00e0 trouver des mani\u00e8res durables de r\u00e9duire leur consommation d\u2019eau et leurs \u00e9missions de CO2. Le WWF italien a non seulement fix\u00e9 des objectifs, mais il a \u00e9galement permis aux agriculteurs d\u2019analyser et d\u2019examiner les donn\u00e9es obtenues afin d\u2019identifier les mesures qu\u2019ils pouvaient prendre. L\u2019organisation a par exemple recommand\u00e9 d\u2019utiliser des capteurs sp\u00e9ciaux qui mesurent l\u2019humidit\u00e9 du sol et donnent des informations utiles pour rationaliser la consommation d\u2019eau. <br><br>Mutti a investi dans la technologie, l\u2019\u00e9ducation et l\u2019assistance technique n\u00e9cessaires aux agriculteurs et aux organisations agricoles. M\u00eame apr\u00e8s la fin de notre projet de cinq ans, nous sommes rest\u00e9s plus engag\u00e9s que jamais afin de minimiser notre impact sur l\u2019environnement et d\u2019am\u00e9liorer chaque \u00e9tape de notre production.<\/p>\n\n\n\n<figure class=\"wp-block-image size-medium is-resized\"><img loading=\"lazy\" decoding=\"async\" src=\"\/app\/uploads\/sites\/3\/2019\/09\/logo-wwf-500x288.png\" alt=\"\" class=\"wp-image-30000078\" width=\"156\" height=\"89\" \/><\/figure>\n<\/div>\n\n\n\n<div class=\"wp-block-column is-layout-flow wp-block-column-is-layout-flow\">\n<div class=\"wp-block-group has-green-background-color has-background\"><div class=\"wp-block-group__inner-container is-layout-flow wp-block-group-is-layout-flow\">\n<h2 class=\"has-text-align-center wp-block-heading\">R\u00c9SULTATS<\/h2>\n\n\n\n<div class=\"wp-block-columns is-layout-flex wp-container-core-columns-is-layout-9d6595d7 wp-block-columns-is-layout-flex\">\n<div class=\"wp-block-column is-layout-flow wp-block-column-is-layout-flow\">\n<div class=\"wp-block-image\"><figure class=\"aligncenter size-large is-resized\"><img loading=\"lazy\" decoding=\"async\" src=\"https:\/\/mutti-parma.com\/app\/uploads\/sites\/3\/2019\/09\/icon-sustainable-water.svg\" alt=\"\" class=\"wp-image-30000085\" width=\"53\" height=\"91\" \/><\/figure><\/div>\n\n\n\n<h4 class=\"has-text-align-center wp-block-heading\"> 1 000 millions de litres d\u2019eau \u00e9conomis\u00e9s* <\/h4>\n\n\n\n<p class=\"has-text-align-center has-sm-font-size\">*entre 2012 et 2014 (Source : donn\u00e9es recueillies par le WWF et le Centre euro-m\u00e9diterran\u00e9en sur le changement climatique en Italie)<\/p>\n<\/div>\n\n\n\n<div class=\"wp-block-column is-layout-flow wp-block-column-is-layout-flow\">\n<div class=\"wp-block-image\"><figure class=\"aligncenter size-large is-resized\"><img loading=\"lazy\" decoding=\"async\" src=\"https:\/\/mutti-parma.com\/app\/uploads\/sites\/3\/2019\/09\/icon-sustainable-co2.svg\" alt=\"\" class=\"wp-image-30000086\" width=\"114\" height=\"88\" \/><\/figure><\/div>\n\n\n\n<h4 class=\"has-text-align-center wp-block-heading\"> 31 530 tonnes de CO2 (dioxyde de carbone) \u00e9vit\u00e9es.<\/h4>\n\n\n\n<p class=\"has-text-align-center has-sm-font-size\">*entre 2010 et 2015 par rapport aux niveaux de 2009 (Source : donn\u00e9es recueillies par le WWF et le groupe d\u2019efficacit\u00e9 \u00e9nerg\u00e9tique Officinae Verdi)<\/p>\n<\/div>\n<\/div>\n<\/div><\/div>\n<\/div>\n<\/div>\n<\/div><\/div>\n\n\n\n<p class=\"has-text-align-center is-style-cursive has-xxl-font-size\"><br>Maintenant que vous en savez plus sur nos produits, il est l\u2019heure de cuisiner.<\/p>\n\n\n\n<h2 class=\"wp-block-heading has-text-align-center\" id=\"howtouse\">COMMENT CUISINER CE PRODUIT ?<\/h2>\n\n\n\n<p class=\"has-text-align-center\"><strong>Que faire avec de la sauce tomate ?<\/strong><br>La sauce tomate et Parmigiano Reggiano AOP&nbsp;Mutti m\u00eale \u00e0 la fois douceur et caract\u00e8re pour obtenir des plats gourmands et authentiques. Cette sauce tomate pr\u00eate \u00e0 l\u2019emploi vous permettra d\u2019\u00e9laborer rapidement de d\u00e9licieuses recettes \u00e0 base de sauce tomate et de Parmigiano Reggiano AOP. <br><br>Go\u00fbtez la diff\u00e9rence avec Mutti !<\/p>\n\n\n\n<p class=\"has-text-align-center has-primary-color has-text-color\">Id\u00e9ale pour : accompagner vos p\u00e2tes, riz, c\u00e9r\u00e9ales, viandes ou poissons<\/p>\n\n\n\n\n<div class=\"acf-related-products mb-8 lg:mb-16 \" data-vue-wrapper>\n      <h3 class=\"text-center\">AUTRES PRODUITS DE LA GAMME<\/h3>\n  \n      <slideshow :slides-per-view=\"3\" :navigation=\"true\" class=\"mx-8 lg:-mx-12\" name=\"Related Products\">\n              <div class=\"swiper-slide\">\n          <div class=\"text-center hover:lift-img mx-auto max-w-28\">\n      <a href=\"https:\/\/mutti-parma.com\/can-fr\/produits\/sauce-tomate-au-basilic-aop-de-genes\/\" class=\"block\">\n            <div class=\"responsive-embed is-contain\" style=\"padding-bottom: 188.23529411765%;\"><img decoding=\"async\" width=\"1678\" height=\"2460\" src=\"https:\/\/mutti-parma.com\/app\/uploads\/sites\/21\/2023\/06\/64315-pasta-sauce-680g-660-ml-basilico-can--9625-101-1.png\" class=\"inline-block mt-2 wp-image-1310\" alt=\"Sauce Tomate au Basilic AOP de G\u00eanes\" sizes=\"auto, 126px\" data-spai-crop=\"false\" title=\"Sauce Tomate au Basilic AOP de G\u00eanes\" srcset=\"https:\/\/mutti-parma.com\/app\/uploads\/sites\/21\/2023\/06\/64315-pasta-sauce-680g-660-ml-basilico-can--9625-101-1.png 1678w, https:\/\/mutti-parma.com\/app\/uploads\/sites\/21\/2023\/06\/64315-pasta-sauce-680g-660-ml-basilico-can--9625-101-1-341x500.png 341w, https:\/\/mutti-parma.com\/app\/uploads\/sites\/21\/2023\/06\/64315-pasta-sauce-680g-660-ml-basilico-can--9625-101-1-698x1024.png 698w, https:\/\/mutti-parma.com\/app\/uploads\/sites\/21\/2023\/06\/64315-pasta-sauce-680g-660-ml-basilico-can--9625-101-1-136x200.png 136w, https:\/\/mutti-parma.com\/app\/uploads\/sites\/21\/2023\/06\/64315-pasta-sauce-680g-660-ml-basilico-can--9625-101-1-768x1126.png 768w, https:\/\/mutti-parma.com\/app\/uploads\/sites\/21\/2023\/06\/64315-pasta-sauce-680g-660-ml-basilico-can--9625-101-1-150x220.png 150w, https:\/\/mutti-parma.com\/app\/uploads\/sites\/21\/2023\/06\/64315-pasta-sauce-680g-660-ml-basilico-can--9625-101-1-600x880.png 600w, https:\/\/mutti-parma.com\/app\/uploads\/sites\/21\/2023\/06\/64315-pasta-sauce-680g-660-ml-basilico-can--9625-101-1-1048x1536.png 1048w, https:\/\/mutti-parma.com\/app\/uploads\/sites\/21\/2023\/06\/64315-pasta-sauce-680g-660-ml-basilico-can--9625-101-1-1397x2048.png 1397w\" loading=\"lazy\" \/><\/div>\n    <\/a>\n  \n  <a class=\"block underline mb-2 mt-2\" href=\"https:\/\/mutti-parma.com\/can-fr\/produits\/sauce-tomate-au-basilic-aop-de-genes\/\">\n    <h3 class=\"h4\">Sauce Tomate au Basilic AOP de G\u00eanes<\/h3>\n  <\/a>\n\n      <a class=\"block hover:no-underline text-inherit\" href=\"https:\/\/mutti-parma.com\/can-fr\/produits\/sauce-tomate-au-basilic-aop-de-genes\/\">\n      Sauce tomate cuisin\u00e9e\n    <\/a>\n  <\/div>\n        <\/div>\n              <div class=\"swiper-slide\">\n          <div class=\"text-center hover:lift-img mx-auto max-w-28\">\n      <a href=\"https:\/\/mutti-parma.com\/can-fr\/produits\/sauce-tomate-marinara\/\" class=\"block\">\n            <div class=\"responsive-embed is-contain\" style=\"padding-bottom: 188.23529411765%;\"><img decoding=\"async\" width=\"1678\" height=\"2460\" src=\"https:\/\/mutti-parma.com\/app\/uploads\/sites\/21\/2023\/11\/64316-pasta-sauce-680g-660ml-marinara-can-9627-100-1.png\" class=\"inline-block mt-2 wp-image-1615\" alt=\"Sauce Tomate Marinara\" sizes=\"auto, 126px\" data-spai-crop=\"false\" title=\"Sauce Tomate Marinara\" srcset=\"https:\/\/mutti-parma.com\/app\/uploads\/sites\/21\/2023\/11\/64316-pasta-sauce-680g-660ml-marinara-can-9627-100-1.png 1678w, https:\/\/mutti-parma.com\/app\/uploads\/sites\/21\/2023\/11\/64316-pasta-sauce-680g-660ml-marinara-can-9627-100-1-341x500.png 341w, https:\/\/mutti-parma.com\/app\/uploads\/sites\/21\/2023\/11\/64316-pasta-sauce-680g-660ml-marinara-can-9627-100-1-698x1024.png 698w, https:\/\/mutti-parma.com\/app\/uploads\/sites\/21\/2023\/11\/64316-pasta-sauce-680g-660ml-marinara-can-9627-100-1-136x200.png 136w, https:\/\/mutti-parma.com\/app\/uploads\/sites\/21\/2023\/11\/64316-pasta-sauce-680g-660ml-marinara-can-9627-100-1-768x1126.png 768w, https:\/\/mutti-parma.com\/app\/uploads\/sites\/21\/2023\/11\/64316-pasta-sauce-680g-660ml-marinara-can-9627-100-1-150x220.png 150w, https:\/\/mutti-parma.com\/app\/uploads\/sites\/21\/2023\/11\/64316-pasta-sauce-680g-660ml-marinara-can-9627-100-1-600x880.png 600w, https:\/\/mutti-parma.com\/app\/uploads\/sites\/21\/2023\/11\/64316-pasta-sauce-680g-660ml-marinara-can-9627-100-1-1048x1536.png 1048w, https:\/\/mutti-parma.com\/app\/uploads\/sites\/21\/2023\/11\/64316-pasta-sauce-680g-660ml-marinara-can-9627-100-1-1397x2048.png 1397w\" loading=\"lazy\" \/><\/div>\n    <\/a>\n  \n  <a class=\"block underline mb-2 mt-2\" href=\"https:\/\/mutti-parma.com\/can-fr\/produits\/sauce-tomate-marinara\/\">\n    <h3 class=\"h4\">Sauce Tomate Marinara<\/h3>\n  <\/a>\n\n      <a class=\"block hover:no-underline text-inherit\" href=\"https:\/\/mutti-parma.com\/can-fr\/produits\/sauce-tomate-marinara\/\">\n      Sauce tomate cuisin\u00e9e\n    <\/a>\n  <\/div>\n        <\/div>\n          <\/slideshow>\n  <\/div>\n\n\n","protected":false},"excerpt":{"rendered":"<p>Maintenant que vous en savez plus sur nos produits, il est l\u2019heure de cuisiner. COMMENT CUISINER CE PRODUIT ? Que faire avec de la sauce tomate ?La sauce tomate et Parmigiano Reggiano AOP&nbsp;Mutti m\u00eale \u00e0 la fois douceur et caract\u00e8re pour obtenir des plats gourmands et authentiques. Cette sauce tomate pr\u00eate \u00e0 l\u2019emploi vous permettra<\/p>\n","protected":false},"featured_media":1340,"comment_status":"open","ping_status":"closed","template":"","product_category":[215],"class_list":["post-1338","product","type-product","status-publish","has-post-thumbnail","hentry","product_category-product-category-1566"],"acf":[],"_links":{"self":[{"href":"https:\/\/mutti-parma.com\/can-fr\/wp-json\/wp\/v2\/product\/1338","targetHints":{"allow":["GET"]}}],"collection":[{"href":"https:\/\/mutti-parma.com\/can-fr\/wp-json\/wp\/v2\/product"}],"about":[{"href":"https:\/\/mutti-parma.com\/can-fr\/wp-json\/wp\/v2\/types\/product"}],"replies":[{"embeddable":true,"href":"https:\/\/mutti-parma.com\/can-fr\/wp-json\/wp\/v2\/comments?post=1338"}],"version-history":[{"count":19,"href":"https:\/\/mutti-parma.com\/can-fr\/wp-json\/wp\/v2\/product\/1338\/revisions"}],"predecessor-version":[{"id":2034,"href":"https:\/\/mutti-parma.com\/can-fr\/wp-json\/wp\/v2\/product\/1338\/revisions\/2034"}],"wp:featuredmedia":[{"embeddable":true,"href":"https:\/\/mutti-parma.com\/can-fr\/wp-json\/wp\/v2\/media\/1340"}],"wp:attachment":[{"href":"https:\/\/mutti-parma.com\/can-fr\/wp-json\/wp\/v2\/media?parent=1338"}],"wp:term":[{"taxonomy":"product_category","embeddable":true,"href":"https:\/\/mutti-parma.com\/can-fr\/wp-json\/wp\/v2\/product_category?post=1338"}],"curies":[{"name":"wp","href":"https:\/\/api.w.org\/{rel}","templated":true}]}}