{"id":1407,"date":"2023-11-28T08:26:59","date_gmt":"2023-11-28T08:26:59","guid":{"rendered":"https:\/\/mutti-parma.com\/can-fr\/?post_type=product&#038;p=1407"},"modified":"2023-12-04T10:12:19","modified_gmt":"2023-12-04T10:12:19","slug":"tomate-pelees-bio","status":"publish","type":"product","link":"https:\/\/mutti-parma.com\/can-fr\/produits\/tomate-pelees-bio\/","title":{"rendered":"Pelati Bio&nbsp;"},"content":{"rendered":"\n<div style=\"--media-width: 15\" class=\"wp-block-media-text alignfull has-media-on-the-right is-stacked-on-mobile is-style-hero has-background-image\"><img loading=\"lazy\" decoding=\"async\" class=\"wp-block-media-text__background\" alt=\"\" data-spai-crop=\"true\" src=\"https:\/\/mutti-parma.com\/app\/uploads\/sites\/21\/2023\/11\/20160803-fb-campagna-gl.jpg\" \/><div class=\"wp-block-media-text__content\"><div class=\"acf-breadcrumb my-4 md:my-8 text-center md:text-left\">\n  <nav>\n  <ol class=\"list-none text-md\">\n                  <li class=\"inline\">\n                      <a class=\"text-inherit\" href=\"https:\/\/mutti-parma.com\/can-fr\/\">\n              Accueil\n            <\/a>\n                                <span aria-hidden=\"true\">\/&nbsp;<\/span>\n                  <\/li>\n                        <li class=\"inline\">\n                      <a class=\"text-inherit\" href=\"https:\/\/mutti-parma.com\/can-fr\/produits\/\">\n              Products\n            <\/a>\n                            <\/li>\n            <\/ol>\n<\/nav>\n<\/div>\n\n\n\n<h1 class=\"wp-block-heading has-primary-color has-text-color\">Pelati Bio&nbsp;<\/h1>\n\n\n\n<p class=\"is-style-cursive has-xxl-font-size\">Tomates Pel\u00e9es Bio<\/p>\n\n\n\n<p>Les Tomates Pel\u00e9es Bio en conserves sont tout aussi d\u00e9licieuses et fra\u00eeches que nos autres tomates, mais ces tomates 100 % italiennes sont aussi 100 % biologiques. Nos tomates pel\u00e9es bio peuvent \u00eatre utilis\u00e9es dans presque tous les plats o\u00f9 vous avez besoin de tomates italiennes de qualit\u00e9 sup\u00e9rieure.<\/p>\n\n\n\n\n<div class=\"acf-characteristics\">\n  <div class=\"flex flex-wrap -m-2 justify-center sm:justify-between\">\n          <div class=\"m-2 w-24 text-center\">\n        <div style=\"height: 41px; width: 80px;\" class=\"mx-auto flex items-end justify-center mx-auto\">\n                      <img decoding=\"async\" width=\"223\" height=\"169\" src=\"https:\/\/mutti-parma.com\/app\/uploads\/sites\/3\/2019\/10\/mutti-product-icons-firm-and-fleshy.svg\" class=\"w-full wp-image-300000259 attachment-full size-full\" alt=\"\" style=\"max-height: 43px; max-width: 80px;\" loading=\"lazy\" \/>\n                  <\/div>\n        <p class=\"h6 text-inherit mt-3\">Texture ferme et charnue<\/p>\n      <\/div>\n          <div class=\"m-2 w-24 text-center\">\n        <div style=\"height: 41px; width: 80px;\" class=\"mx-auto flex items-end justify-center mx-auto\">\n                      <img decoding=\"async\" width=\"218\" height=\"164\" src=\"https:\/\/mutti-parma.com\/app\/uploads\/sites\/3\/2019\/10\/mutti-product-icons-suitable.svg\" class=\"w-full wp-image-300000263 attachment-full size-full\" alt=\"crockery\" style=\"max-height: 43px; max-width: 80px;\" loading=\"lazy\" \/>\n                  <\/div>\n        <p class=\"h6 text-inherit mt-3\">Convient pour la plupart des plats \u00e0 base de tomates<\/p>\n      <\/div>\n      <\/div>\n<\/div>\n\n\n<div class=\"acf-product-find-store\">\n  <\/div>\n<\/div><figure class=\"wp-block-media-text__media\"><img loading=\"lazy\" decoding=\"async\" width=\"543\" height=\"800\" src=\"https:\/\/mutti-parma.com\/app\/uploads\/sites\/21\/2023\/11\/removal.ai-c8893f7a-8735-4b84-9b34-be3f4a26d055-52075-pelati-bio-canada-fr-398ml.png\" alt=\"\" class=\"wp-image-1431 size-full\" sizes=\"(min-width: 1440px) 144px,10vw\" data-spai-crop=\"false\" srcset=\"https:\/\/mutti-parma.com\/app\/uploads\/sites\/21\/2023\/11\/removal.ai-c8893f7a-8735-4b84-9b34-be3f4a26d055-52075-pelati-bio-canada-fr-398ml.png 543w, https:\/\/mutti-parma.com\/app\/uploads\/sites\/21\/2023\/11\/removal.ai-c8893f7a-8735-4b84-9b34-be3f4a26d055-52075-pelati-bio-canada-fr-398ml-339x500.png 339w, https:\/\/mutti-parma.com\/app\/uploads\/sites\/21\/2023\/11\/removal.ai-c8893f7a-8735-4b84-9b34-be3f4a26d055-52075-pelati-bio-canada-fr-398ml-136x200.png 136w, https:\/\/mutti-parma.com\/app\/uploads\/sites\/21\/2023\/11\/removal.ai-c8893f7a-8735-4b84-9b34-be3f4a26d055-52075-pelati-bio-canada-fr-398ml-150x221.png 150w\" \/><\/figure><\/div>\n\n\n<div class=\"acf-product-nutrition-tabs alignwide\">\n  <div class=\"\">\n    <ul class=\"list-none flex justify-center sm:justify-left\">\n              <li class=\"mr-4\">\n          <a href=\"javascript: void(0)\" data-toggle=\"nutrition\" class=\"btn-outline \" data-gtm-track data-gtm-event=\"GAevent\" data-gtm-event-id=\"13\" data-gtm-category=\"recipe_information\" data-gtm-action=\"nutrition\" data-gtm-label=\"pelati_bio\">\n            Informations nutritionnelles\n          <\/a>\n        <\/li>\n                    <li>\n          <a href=\"#howtouse\" class=\"btn-outline \" data-gtm-track data-gtm-event=\"GAevent\" data-gtm-event-id=\"13\" data-gtm-category=\"recipe_information\" data-gtm-action=\"how_to_use\" data-gtm-label=\"pelati_bio\">\n            Comment cuisiner ce produit ? \n          <\/a>\n        <\/li>\n      \n          <\/ul>\n  <\/div>\n\n      <div class=\"flex flex-wrap mt-8 mb-4 hidden\" id=\"nutrition\">\n      <div class=\"w-full sm:w-1\/2\">\n        <p><strong>Ingr\u00e9dients:<\/strong> Tomates pel\u00e9es biologiques, Jus de tomate biologique, Correcteur d\u2019acidit\u00e9: acide citrique.<\/p>\n<p>&nbsp;<\/p>\n\n      <\/div>\n      <div class=\"w-full mt-8 sm:mt-0 sm:w-1\/2 sm:pl-8 md:pl-16\">\n        \n          <table class=\"w-full\">\n            <thead>\n              <tr class=\"border-b\">\n                <th colspan=\"2\" class=\"py-2 text-left\">Nutritional values \/ 1\/2 tasse (125 mL)<\/thead>\n              <\/tr>\n            <\/thead>\n            <tbody>\n                              <tr class=\"border-b\">\n                  <th class=\"py-2 text-left font-normal\"><\/th>\n                  <td class=\"py-2 text-right\">% valeur quotidienne*<\/td>\n                <\/tr>\n                              <tr class=\"border-b\">\n                  <th class=\"py-2 text-left font-normal\">Calories<\/th>\n                  <td class=\"py-2 text-right\">20<\/td>\n                <\/tr>\n                              <tr class=\"border-b\">\n                  <th class=\"py-2 text-left font-normal\">Lipides<\/th>\n                  <td class=\"py-2 text-right\">0g (0%)<\/td>\n                <\/tr>\n                              <tr class=\"border-b\">\n                  <th class=\"py-2 text-left font-normal\">&#8211; Satur\u00e9s<\/th>\n                  <td class=\"py-2 text-right\">0g (0%)<\/td>\n                <\/tr>\n                              <tr class=\"border-b\">\n                  <th class=\"py-2 text-left font-normal\">+ Trans<\/th>\n                  <td class=\"py-2 text-right\">0g (0%)<\/td>\n                <\/tr>\n                              <tr class=\"border-b\">\n                  <th class=\"py-2 text-left font-normal\">Glucides<\/th>\n                  <td class=\"py-2 text-right\">5g<\/td>\n                <\/tr>\n                              <tr class=\"border-b\">\n                  <th class=\"py-2 text-left font-normal\">&#8211; Fibres<\/th>\n                  <td class=\"py-2 text-right\">2g (7%)<\/td>\n                <\/tr>\n                              <tr class=\"border-b\">\n                  <th class=\"py-2 text-left font-normal\">&#8211; Sucres<\/th>\n                  <td class=\"py-2 text-right\">4g (4%)<\/td>\n                <\/tr>\n                              <tr class=\"border-b\">\n                  <th class=\"py-2 text-left font-normal\">Prot\u00e9ines<\/th>\n                  <td class=\"py-2 text-right\">1g<\/td>\n                <\/tr>\n                              <tr class=\"border-b\">\n                  <th class=\"py-2 text-left font-normal\">Cholest\u00e9rol<\/th>\n                  <td class=\"py-2 text-right\">0mg<\/td>\n                <\/tr>\n                              <tr class=\"border-b\">\n                  <th class=\"py-2 text-left font-normal\">Sodium <\/th>\n                  <td class=\"py-2 text-right\">5mg (0%)<\/td>\n                <\/tr>\n                              <tr class=\"border-b\">\n                  <th class=\"py-2 text-left font-normal\">Potassium<\/th>\n                  <td class=\"py-2 text-right\">450mg (10%)<\/td>\n                <\/tr>\n                              <tr class=\"border-b\">\n                  <th class=\"py-2 text-left font-normal\">Calcium<\/th>\n                  <td class=\"py-2 text-right\">20mg (2%)<\/td>\n                <\/tr>\n                              <tr class=\"border-b\">\n                  <th class=\"py-2 text-left font-normal\">Fer <\/th>\n                  <td class=\"py-2 text-right\">0.4mg (2%)<\/td>\n                <\/tr>\n                              <tr class=\"border-b\">\n                  <th class=\"py-2 text-left font-normal\">*5% ou moins c&#039;est peu, 15% ou plus c&#039;est beaucoup<\/th>\n                  <td class=\"py-2 text-right\"><\/td>\n                <\/tr>\n                          <\/tbody>\n          <\/table>\n              <\/div>\n    <\/div>\n  <\/div>\n\n\n\n<div class=\"wp-block-media-text alignwide\" style=\"grid-template-columns:32% auto\"><figure class=\"wp-block-media-text__media\"><video\n  \n  autoplay\n  playsinline\n  muted\n  loop\n  loading=\"lazy\"\n  \n  \n  \n\n  \n      poster=\"https:\/\/mutti-parma.com\/app\/uploads\/sites\/3\/2020\/12\/texture-pelati-1000x630.jpg\"\n  >\n            <source src=\"https:\/\/cdn.mutti-parma.com\/app\/uploads\/sites\/3\/2020\/12\/texture-pelati-1000x630.mp4\" type=\"video\/mp4\">\n      <\/video>\n\n<\/figure><div class=\"wp-block-media-text__content\">\n<h2 class=\"wp-block-heading\">EN SAVOIR PLUS SUR LES TOMATES PEL\u00c9ES BIO<\/h2>\n\n\n\n<p class=\"is-style-cursive has-xxl-font-size\">Tomates Pel\u00e9es Bio<\/p>\n\n\n\n<p>Les Tomates Pel\u00e9es Bio Mutti sont charnues, fermes et polyvalentes. Ces tomates bio 100 % italiennes m\u00fbries au soleil pr\u00e9sentent une riche saveur, une texture dense et une couleur rouge vif. Exclusivement compos\u00e9es des meilleures tomates italiennes biologiques et de leur jus, sans additif ni conservateur, elles se d\u00e9sagr\u00e8gent rapidement \u00e0 la cuisson et sont id\u00e9ales pour un large \u00e9ventail de recettes, des soupes aux rago\u00fbts, en passant par la sauce pour p\u00e2tes. Utilisez ces Tomates Pel\u00e9es Bio en conserve dans vos id\u00e9es de plats les plus raffin\u00e9s.<\/p>\n\n\n<\/div><\/div>\n\n\n<div\n  class=\"acf-how-is-it-made alignwide text-center \"\n  data-vue-wrapper\n  >\n      <h2>QUEL EST SON MODE DE PRODUCTION?<\/h2>\n  \n  <slideshow :slides-per-view=\"3\" :slides-per-view-sm=\"1\" :slides-per-view-md=\"2\" name=\"How is it made\" class=\"mb-8\">\n          <div class=\"swiper-slide \">\n        <div class=\"max-w-64 mx-auto\">\n          <div class=\"max-w-48 mx-auto\">\n                          <div class=\"responsive-embed aspect-ratio-1-1\">\n\n<video\n  \n  \n  playsinline\n  muted\n  \n  loading=\"lazy\"\n  \n  \n  \n\n      muted\n    data-play-hover\n  \n      poster=\"https:\/\/mutti-parma.com\/app\/themes\/mutti\/dist\/videos\/howisitmade\/can_filled.png?id=996d965f4d1a103f4360\"\n  >\n            <source src=\"https:\/\/cdn.mutti-parma.com\/app\/themes\/mutti\/dist\/videos\/howisitmade\/can_filled-vp9.webm?id=82ce4ba7654b899583a1\" type=\"video\/webm;codec=vp9\">\n                <source src=\"https:\/\/cdn.mutti-parma.com\/app\/themes\/mutti\/dist\/videos\/howisitmade\/can_filled-vp8.webm?id=6ddd3843de541b661a5f\" type=\"video\/webm;codec=vp8\">\n      <\/video>\n\n  <\/div>\n                      <\/div>\n          <p>La peau des tomates est retir\u00e9e doucement \u00e0 la vapeur. Elles sont ensuite mises en conserve pour pr\u00e9server leur fra\u00eecheur.<\/p>\n\n        <\/div>\n      <\/div>\n      <\/slideshow>\n\n      <p class=\"is-style-cursive text-5xl\">Pour en savoir plus sur nos modes de production,<\/p>\n  \n      <h3> <a href=\"https:\/\/mutti-parma.com\/can-fr\/de-nos-champs-a-lassiette\/\">VISITER LA PAGE PROCESSUS<\/a>\r\n <\/h3>\n  <\/div>\n\n\n\n\n\n\n\n<hr class=\"wp-block-separator has-alpha-channel-opacity alignwide\"\/>\n\n\n<div class=\"acf-comments alignwide my-8\">\n  <div class=\"flex flex-wrap mb-4 items-center text-center sm:text-left px-0 sm:px-2 md:px-0\">\n    <h3 class=\"w-full sm:w-auto is-style-cursive text-primary my-0 leading-none\">Share and review<\/h3>\n    <div class=\"w-full sm:w-auto flex-auto mt-1 sm:ml-8\">\n          <\/div>\n\n          <div class=\"mx-auto sm:ml-0 mt-3 sm:mt-0\">\n                  <div\n  class=\"shariff\"\n  data-button-style=\"icon\"\n  data-mail-body=\"https:\/\/mutti-parma.com\/can-fr\/produits\/tomate-pelees-bio\/\"\n  data-mail-subject=\"Pelati Bio&amp;nbsp; - Mutti\"\n  data-mail-url=\"mailto:\"\n  data-media-url=\"https:\/\/mutti-parma.com\/app\/uploads\/sites\/21\/2023\/11\/removal.ai-c8893f7a-8735-4b84-9b34-be3f4a26d055-52075-pelati-bio-canada-fr-398ml.png\"\n  data-services=\"[&#039;facebook&#039;, &#039;twitter&#039;, &#039;whatsapp&#039;, &#039;pinterest&#039;, &#039;mail&#039;]\"\n><\/div>\n              <\/div>\n      <\/div>\n\n  <div>\n                <\/div>\n<\/div>\n\n\n\n<hr class=\"wp-block-separator has-alpha-channel-opacity alignwide\"\/>\n\n\n\n<div class=\"wp-block-group alignwide is-style-default\"><div class=\"wp-block-group__inner-container is-layout-flow wp-block-group-is-layout-flow\">\n<div class=\"wp-block-columns alignwide is-layout-flex wp-container-core-columns-is-layout-9d6595d7 wp-block-columns-is-layout-flex\">\n<div class=\"wp-block-column is-layout-flow wp-block-column-is-layout-flow\">\n<h2 class=\"wp-block-heading\" id=\"sustainability\">Durabilit\u00e9<\/h2>\n\n\n\n<p class=\"is-style-cursive\">Pour nous, durabilit\u00e9 est synonyme de respect de la terre<\/p>\n\n\n\n<h4 class=\"wp-block-heading\">Coop\u00e9ration avec le WWF<\/h4>\n\n\n\n<p>Mutti a travaill\u00e9 en \u00e9troite collaboration avec le WWF Italie afin d\u2019aider les agriculteurs \u00e0 trouver des mani\u00e8res durables de r\u00e9duire leur consommation d\u2019eau et leurs \u00e9missions de CO2. Le WWF italien a non seulement fix\u00e9 des objectifs, mais il a \u00e9galement permis aux agriculteurs d\u2019analyser et d\u2019examiner les donn\u00e9es obtenues afin d\u2019identifier les mesures qu\u2019ils pouvaient prendre. L\u2019organisation a par exemple recommand\u00e9 d\u2019utiliser des capteurs sp\u00e9ciaux qui mesurent l\u2019humidit\u00e9 du sol et donnent des informations utiles pour rationaliser la consommation d\u2019eau. <br><br>Mutti a investi dans la technologie, l\u2019\u00e9ducation et l\u2019assistance technique n\u00e9cessaires aux agriculteurs et aux organisations agricoles. M\u00eame apr\u00e8s la fin de notre projet de cinq ans, nous sommes rest\u00e9s plus engag\u00e9s que jamais afin de minimiser notre impact sur l\u2019environnement et d\u2019am\u00e9liorer chaque \u00e9tape de notre production.<\/p>\n\n\n\n<figure class=\"wp-block-image size-medium is-resized\"><img loading=\"lazy\" decoding=\"async\" src=\"\/app\/uploads\/sites\/3\/2019\/09\/logo-wwf-500x288.png\" alt=\"\" class=\"wp-image-30000078\" width=\"156\" height=\"89\" \/><\/figure>\n<\/div>\n\n\n\n<div class=\"wp-block-column is-layout-flow wp-block-column-is-layout-flow\">\n<div class=\"wp-block-group has-green-background-color has-background\"><div class=\"wp-block-group__inner-container is-layout-flow wp-block-group-is-layout-flow\">\n<h2 class=\"has-text-align-center wp-block-heading\">R\u00c9SULTATS<\/h2>\n\n\n\n<div class=\"wp-block-columns is-layout-flex wp-container-core-columns-is-layout-9d6595d7 wp-block-columns-is-layout-flex\">\n<div class=\"wp-block-column is-layout-flow wp-block-column-is-layout-flow\">\n<div class=\"wp-block-image\"><figure class=\"aligncenter size-large is-resized\"><img loading=\"lazy\" decoding=\"async\" src=\"https:\/\/mutti-parma.com\/app\/uploads\/sites\/3\/2019\/09\/icon-sustainable-water.svg\" alt=\"\" class=\"wp-image-30000085\" width=\"53\" height=\"91\" \/><\/figure><\/div>\n\n\n\n<h4 class=\"has-text-align-center wp-block-heading\"> 1 000 millions de litres d\u2019eau \u00e9conomis\u00e9s* <\/h4>\n\n\n\n<p class=\"has-text-align-center has-sm-font-size\">*entre 2012 et 2014 (Source : donn\u00e9es recueillies par le WWF et le Centre euro-m\u00e9diterran\u00e9en sur le changement climatique en Italie)<\/p>\n<\/div>\n\n\n\n<div class=\"wp-block-column is-layout-flow wp-block-column-is-layout-flow\">\n<div class=\"wp-block-image\"><figure class=\"aligncenter size-large is-resized\"><img loading=\"lazy\" decoding=\"async\" src=\"https:\/\/mutti-parma.com\/app\/uploads\/sites\/3\/2019\/09\/icon-sustainable-co2.svg\" alt=\"\" class=\"wp-image-30000086\" width=\"114\" height=\"88\" \/><\/figure><\/div>\n\n\n\n<h4 class=\"has-text-align-center wp-block-heading\"> 31 530 tonnes de CO2 (dioxyde de carbone) \u00e9vit\u00e9es.<\/h4>\n\n\n\n<p class=\"has-text-align-center has-sm-font-size\">*entre 2010 et 2015 par rapport aux niveaux de 2009 (Source : donn\u00e9es recueillies par le WWF et le groupe d\u2019efficacit\u00e9 \u00e9nerg\u00e9tique Officinae Verdi)<\/p>\n<\/div>\n<\/div>\n<\/div><\/div>\n<\/div>\n<\/div>\n<\/div><\/div>\n\n\n\n<p class=\"has-text-align-center is-style-cursive has-xxl-font-size\"><br>Maintenant que vous en savez plus sur nos produits, il est l\u2019heure de cuisiner.<\/p>\n\n\n\n<h1 class=\"wp-block-heading\" id=\"howtouse\">COMMENT CUISINER LES TOMATES PEL\u00c9ES?<br><\/h1>\n\n\n\n<p class=\"has-text-align-center\"><strong>Que faire avec des tomates pel\u00e9es ?<\/strong><br>Les Tomates Pel\u00e9es Bio Mutti sont polyvalentes. Vous pouvez les utiliser comme garniture, comme \u00e9l\u00e9ment d\u00e9coratif et savoureux pour les focaccias ou les pizzas, ou tout simplement les couper en deux et les servir comme petits hors-d\u2019\u0153uvre. Coup\u00e9es en morceaux ou m\u00e9lang\u00e9es avec la sauce dans la conserve de tomates, elles sont parfaites dans tous types de sauces, par exemple pour pizzas ou sauces pour p\u00e2tes. L\u00e9g\u00e8rement r\u00e9chauff\u00e9, les Tomates Pel\u00e9es Bio en conserve fait ressortir les saveurs des fruits de mer.<\/p>\n\n\n\n<p class=\"has-text-align-center has-primary-color has-text-color\">Id\u00e9al pour : tout plat contenant des tomates<br><br>Vous \u00eates \u00e0 la recherche de recettes avec des tomates pel\u00e9es&nbsp;?<br><br><strong>Trouvez l\u2019inspiration dans nos id\u00e9es de recettes avec des Tomates Pel\u00e9es Mutti&nbsp;!<\/strong><\/p>\n\n\n\n\n<div class=\"acf-related-products mb-8 lg:mb-16 \" data-vue-wrapper>\n      <h3 class=\"text-center\">AUTRES PRODUITS DE LA GAMME<\/h3>\n  \n      <slideshow :slides-per-view=\"3\" :navigation=\"true\" class=\"mx-8 lg:-mx-12\" name=\"Related Products\">\n              <div class=\"swiper-slide\">\n          <div class=\"text-center hover:lift-img mx-auto max-w-28\">\n      <a href=\"https:\/\/mutti-parma.com\/can-fr\/produits\/pate-de-tomates-bio\/\" class=\"block\">\n            <div class=\"responsive-embed is-contain\" style=\"padding-bottom: 188.23529411765%;\"><img decoding=\"async\" width=\"269\" height=\"800\" src=\"https:\/\/mutti-parma.com\/app\/uploads\/sites\/21\/2023\/11\/removal.ai-1f02b845-0321-4180-9e36-cf05cd29e228-12505-bio-tube-double-concentre-185g-base.png\" class=\"inline-block mt-2 wp-image-1503\" alt=\"Doppio Concentrato Bio\" sizes=\"auto, 126px\" data-spai-crop=\"false\" title=\"Doppio Concentrato Bio\" srcset=\"https:\/\/mutti-parma.com\/app\/uploads\/sites\/21\/2023\/11\/removal.ai-1f02b845-0321-4180-9e36-cf05cd29e228-12505-bio-tube-double-concentre-185g-base.png 269w, https:\/\/mutti-parma.com\/app\/uploads\/sites\/21\/2023\/11\/removal.ai-1f02b845-0321-4180-9e36-cf05cd29e228-12505-bio-tube-double-concentre-185g-base-168x500.png 168w, https:\/\/mutti-parma.com\/app\/uploads\/sites\/21\/2023\/11\/removal.ai-1f02b845-0321-4180-9e36-cf05cd29e228-12505-bio-tube-double-concentre-185g-base-67x200.png 67w, https:\/\/mutti-parma.com\/app\/uploads\/sites\/21\/2023\/11\/removal.ai-1f02b845-0321-4180-9e36-cf05cd29e228-12505-bio-tube-double-concentre-185g-base-150x446.png 150w\" loading=\"lazy\" \/><\/div>\n    <\/a>\n  \n  <a class=\"block underline mb-2 mt-2\" href=\"https:\/\/mutti-parma.com\/can-fr\/produits\/pate-de-tomates-bio\/\">\n    <h3 class=\"h4\">Doppio Concentrato Bio<\/h3>\n  <\/a>\n\n      <a class=\"block hover:no-underline text-inherit\" href=\"https:\/\/mutti-parma.com\/can-fr\/produits\/pate-de-tomates-bio\/\">\n      P\u00e2te De Tomate Bio\n    <\/a>\n  <\/div>\n        <\/div>\n              <div class=\"swiper-slide\">\n          <div class=\"text-center hover:lift-img mx-auto max-w-28\">\n      <a href=\"https:\/\/mutti-parma.com\/can-fr\/produits\/tomates-en-des-bio\/\" class=\"block\">\n            <div class=\"responsive-embed is-contain\" style=\"padding-bottom: 188.23529411765%;\"><img decoding=\"async\" width=\"543\" height=\"800\" src=\"https:\/\/mutti-parma.com\/app\/uploads\/sites\/21\/2023\/11\/removal-46.png\" class=\"inline-block mt-2 wp-image-1481\" alt=\"Tomates en D\u00e9s Bio\" sizes=\"auto, 126px\" data-spai-crop=\"false\" title=\"Tomates en D\u00e9s Bio\" srcset=\"https:\/\/mutti-parma.com\/app\/uploads\/sites\/21\/2023\/11\/removal-46.png 543w, https:\/\/mutti-parma.com\/app\/uploads\/sites\/21\/2023\/11\/removal-46-339x500.png 339w, https:\/\/mutti-parma.com\/app\/uploads\/sites\/21\/2023\/11\/removal-46-136x200.png 136w, https:\/\/mutti-parma.com\/app\/uploads\/sites\/21\/2023\/11\/removal-46-150x221.png 150w\" loading=\"lazy\" \/><\/div>\n    <\/a>\n  \n  <a class=\"block underline mb-2 mt-2\" href=\"https:\/\/mutti-parma.com\/can-fr\/produits\/tomates-en-des-bio\/\">\n    <h3 class=\"h4\">Tomates en D\u00e9s Bio<\/h3>\n  <\/a>\n\n      <a class=\"block hover:no-underline text-inherit\" href=\"https:\/\/mutti-parma.com\/can-fr\/produits\/tomates-en-des-bio\/\">\n      Tomates en D\u00e9s\n    <\/a>\n  <\/div>\n        <\/div>\n              <div class=\"swiper-slide\">\n          <div class=\"text-center hover:lift-img mx-auto max-w-28\">\n      <a href=\"https:\/\/mutti-parma.com\/can-fr\/produits\/coulis-de-tomates-bio\/\" class=\"block\">\n            <div class=\"responsive-embed is-contain\" style=\"padding-bottom: 188.23529411765%;\"><img decoding=\"async\" width=\"266\" height=\"800\" src=\"https:\/\/mutti-parma.com\/app\/uploads\/sites\/21\/2023\/11\/removal.ai-1a0f451b-1bc3-4567-998b-87d067b34272-63031-passata-bio-fr-560g.png\" class=\"inline-block mt-2 wp-image-1463\" alt=\"Passata Bio\" sizes=\"auto, 126px\" data-spai-crop=\"false\" title=\"Passata Bio\" srcset=\"https:\/\/mutti-parma.com\/app\/uploads\/sites\/21\/2023\/11\/removal.ai-1a0f451b-1bc3-4567-998b-87d067b34272-63031-passata-bio-fr-560g.png 266w, https:\/\/mutti-parma.com\/app\/uploads\/sites\/21\/2023\/11\/removal.ai-1a0f451b-1bc3-4567-998b-87d067b34272-63031-passata-bio-fr-560g-166x500.png 166w, https:\/\/mutti-parma.com\/app\/uploads\/sites\/21\/2023\/11\/removal.ai-1a0f451b-1bc3-4567-998b-87d067b34272-63031-passata-bio-fr-560g-150x451.png 150w\" loading=\"lazy\" \/><\/div>\n    <\/a>\n  \n  <a class=\"block underline mb-2 mt-2\" href=\"https:\/\/mutti-parma.com\/can-fr\/produits\/coulis-de-tomates-bio\/\">\n    <h3 class=\"h4\">Passata Bio<\/h3>\n  <\/a>\n\n      <a class=\"block hover:no-underline text-inherit\" href=\"https:\/\/mutti-parma.com\/can-fr\/produits\/coulis-de-tomates-bio\/\">\n      Coulis de Tomates Bio\n    <\/a>\n  <\/div>\n        <\/div>\n          <\/slideshow>\n  <\/div>\n\n\n","protected":false},"excerpt":{"rendered":"<p>Maintenant que vous en savez plus sur nos produits, il est l\u2019heure de cuisiner. COMMENT CUISINER LES TOMATES PEL\u00c9ES? Que faire avec des tomates pel\u00e9es ?Les Tomates Pel\u00e9es Bio Mutti sont polyvalentes. Vous pouvez les utiliser comme garniture, comme \u00e9l\u00e9ment d\u00e9coratif et savoureux pour les focaccias ou les pizzas, ou tout simplement les couper en<\/p>\n","protected":false},"featured_media":1431,"comment_status":"open","ping_status":"closed","template":"","product_category":[66],"class_list":["post-1407","product","type-product","status-publish","has-post-thumbnail","hentry","product_category-product-category-57"],"acf":[],"_links":{"self":[{"href":"https:\/\/mutti-parma.com\/can-fr\/wp-json\/wp\/v2\/product\/1407","targetHints":{"allow":["GET"]}}],"collection":[{"href":"https:\/\/mutti-parma.com\/can-fr\/wp-json\/wp\/v2\/product"}],"about":[{"href":"https:\/\/mutti-parma.com\/can-fr\/wp-json\/wp\/v2\/types\/product"}],"replies":[{"embeddable":true,"href":"https:\/\/mutti-parma.com\/can-fr\/wp-json\/wp\/v2\/comments?post=1407"}],"version-history":[{"count":60,"href":"https:\/\/mutti-parma.com\/can-fr\/wp-json\/wp\/v2\/product\/1407\/revisions"}],"predecessor-version":[{"id":2086,"href":"https:\/\/mutti-parma.com\/can-fr\/wp-json\/wp\/v2\/product\/1407\/revisions\/2086"}],"wp:featuredmedia":[{"embeddable":true,"href":"https:\/\/mutti-parma.com\/can-fr\/wp-json\/wp\/v2\/media\/1431"}],"wp:attachment":[{"href":"https:\/\/mutti-parma.com\/can-fr\/wp-json\/wp\/v2\/media?parent=1407"}],"wp:term":[{"taxonomy":"product_category","embeddable":true,"href":"https:\/\/mutti-parma.com\/can-fr\/wp-json\/wp\/v2\/product_category?post=1407"}],"curies":[{"name":"wp","href":"https:\/\/api.w.org\/{rel}","templated":true}]}}