{"id":650,"date":"2019-12-18T11:11:53","date_gmt":"2019-12-18T11:11:53","guid":{"rendered":"https:\/\/mutti-parma.com\/can-fr\/?post_type=product&#038;p=650"},"modified":"2023-11-30T11:43:19","modified_gmt":"2023-11-30T11:43:19","slug":"san-marzano-tomates","status":"publish","type":"product","link":"https:\/\/mutti-parma.com\/can-fr\/produits\/san-marzano-tomates\/","title":{"rendered":"San Marzano Tomates"},"content":{"rendered":"\n<div style=\"--media-width: 50\" class=\"wp-block-media-text alignwide has-media-on-the-right is-stacked-on-mobile is-style-hero has-background-image\"><img loading=\"lazy\" decoding=\"async\" class=\"wp-block-media-text__background\" alt=\"\" data-spai-crop=\"true\" src=\"https:\/\/mutti-parma.com\/app\/uploads\/sites\/3\/2019\/10\/san-marzano-edited.jpg\" \/><div class=\"wp-block-media-text__content\"><div class=\"acf-breadcrumb my-4 md:my-8 text-center md:text-left\">\n  <nav>\n  <ol class=\"list-none text-md\">\n                  <li class=\"inline\">\n                      <a class=\"text-inherit\" href=\"https:\/\/mutti-parma.com\/can-fr\/\">\n              Accueil\n            <\/a>\n                                <span aria-hidden=\"true\">\/&nbsp;<\/span>\n                  <\/li>\n                        <li class=\"inline\">\n                      <a class=\"text-inherit\" href=\"https:\/\/mutti-parma.com\/can-fr\/produits\/\">\n              Products\n            <\/a>\n                            <\/li>\n            <\/ol>\n<\/nav>\n<\/div>\n\n\n\n<h1 class=\"wp-block-heading has-primary-color has-text-color\">San Marzano Tomates<\/h1>\n\n\n\n<p class=\"is-style-cursive has-xxl-font-size\">Sp\u00e9cialit\u00e9s<\/p>\n\n\n\n<p>Les tomates San Marzano sont cultiv\u00e9es dans le sol volcanique de l\u2019Agro Sarnese Nocerino entre Naples et Salerne. Elles ont re\u00e7u l\u2019appellation d\u2019origine prot\u00e9g\u00e9e (AOP) de l\u2019UE pour leur nature unique.<br>D\u00e9licieusement juteuses, nos San Marzano pr\u00e9sentent une couleur rouge fonc\u00e9 et une texture dense. Les tomates sont recouvertes d\u2019une sauce onctueuse afin de pr\u00e9server leur fra\u00eecheur.<\/p>\n\n\n\n\n<div class=\"acf-characteristics\">\n  <div class=\"flex flex-wrap -m-2 justify-center sm:justify-between\">\n          <div class=\"m-2 w-24 text-center\">\n        <div style=\"height: 41px; width: 80px;\" class=\"mx-auto flex items-end justify-center mx-auto\">\n                      <img decoding=\"async\" width=\"295\" height=\"80\" src=\"https:\/\/mutti-parma.com\/app\/uploads\/sites\/3\/2019\/09\/icon-characteristics-color-intense-red.svg\" class=\"w-full wp-image-300000114 attachment-full size-full\" alt=\"cooking sketch\" style=\"max-height: 43px; max-width: 80px;\" loading=\"lazy\" \/>\n                  <\/div>\n        <p class=\"h6 text-inherit mt-3\">Couleur rouge fonc\u00e9<\/p>\n      <\/div>\n          <div class=\"m-2 w-24 text-center\">\n        <div style=\"height: 41px; width: 80px;\" class=\"mx-auto flex items-end justify-center mx-auto\">\n                      <img decoding=\"async\" width=\"220\" height=\"168\" src=\"https:\/\/mutti-parma.com\/app\/uploads\/sites\/3\/2019\/09\/icon-characteristics-texture-rich.svg\" class=\"w-full wp-image-300000104 attachment-full size-full\" alt=\"cooking symbol\" style=\"max-height: 43px; max-width: 80px;\" loading=\"lazy\" \/>\n                  <\/div>\n        <p class=\"h6 text-inherit mt-3\">Texture riche<\/p>\n      <\/div>\n      <\/div>\n<\/div>\n<\/div><figure class=\"wp-block-media-text__media\"><img loading=\"lazy\" decoding=\"async\" width=\"404\" height=\"766\" src=\"https:\/\/mutti-parma.com\/app\/uploads\/sites\/21\/2019\/12\/canadaen-pizza-sauce-copy.png\" alt=\"\" class=\"wp-image-724 size-full\" sizes=\"(min-width: 1440px) 528px,37vw\" data-spai-crop=\"false\" srcset=\"https:\/\/mutti-parma.com\/app\/uploads\/sites\/21\/2019\/12\/canadaen-pizza-sauce-copy.png 404w, https:\/\/mutti-parma.com\/app\/uploads\/sites\/21\/2019\/12\/canadaen-pizza-sauce-copy-105x200.png 105w, https:\/\/mutti-parma.com\/app\/uploads\/sites\/21\/2019\/12\/canadaen-pizza-sauce-copy-264x500.png 264w, https:\/\/mutti-parma.com\/app\/uploads\/sites\/21\/2019\/12\/canadaen-pizza-sauce-copy-150x284.png 150w\" \/><\/figure><\/div>\n\n\n<div class=\"acf-product-nutrition-tabs alignwide\">\n  <div class=\"\">\n    <ul class=\"list-none flex justify-center sm:justify-left\">\n              <li class=\"mr-4\">\n          <a href=\"javascript: void(0)\" data-toggle=\"nutrition\" class=\"btn-outline \" data-gtm-track data-gtm-event=\"GAevent\" data-gtm-event-id=\"13\" data-gtm-category=\"recipe_information\" data-gtm-action=\"nutrition\" data-gtm-label=\"san_marzano_tomates\">\n            Informations nutritionnelles\n          <\/a>\n        <\/li>\n            \n          <\/ul>\n  <\/div>\n\n      <div class=\"flex flex-wrap mt-8 mb-4 hidden\" id=\"nutrition\">\n      <div class=\"w-full sm:w-1\/2\">\n        <p><strong>lngr\u00e9dients:<\/strong> Tomates pel\u00e9es enti\u00e8res San Marzano, Jus de tomate San Marzano.<\/p>\n\n      <\/div>\n      <div class=\"w-full mt-8 sm:mt-0 sm:w-1\/2 sm:pl-8 md:pl-16\">\n        \n          <table class=\"w-full\">\n            <thead>\n              <tr class=\"border-b\">\n                <th colspan=\"2\" class=\"py-2 text-left\">Nutritional values \/ 1\/2 tasse (125 mL)<\/thead>\n              <\/tr>\n            <\/thead>\n            <tbody>\n                              <tr class=\"border-b\">\n                  <th class=\"py-2 text-left font-normal\"><\/th>\n                  <td class=\"py-2 text-right\">% valeur quotidienne*<\/td>\n                <\/tr>\n                              <tr class=\"border-b\">\n                  <th class=\"py-2 text-left font-normal\">Calories<\/th>\n                  <td class=\"py-2 text-right\">25<\/td>\n                <\/tr>\n                              <tr class=\"border-b\">\n                  <th class=\"py-2 text-left font-normal\">Lipides<\/th>\n                  <td class=\"py-2 text-right\">0g (0%)<\/td>\n                <\/tr>\n                              <tr class=\"border-b\">\n                  <th class=\"py-2 text-left font-normal\">\u2013 Satur\u00e9s<\/th>\n                  <td class=\"py-2 text-right\">0g (0%)<\/td>\n                <\/tr>\n                              <tr class=\"border-b\">\n                  <th class=\"py-2 text-left font-normal\">+ Trans<\/th>\n                  <td class=\"py-2 text-right\">0g (0%)<\/td>\n                <\/tr>\n                              <tr class=\"border-b\">\n                  <th class=\"py-2 text-left font-normal\">Glucides<\/th>\n                  <td class=\"py-2 text-right\">5g<\/td>\n                <\/tr>\n                              <tr class=\"border-b\">\n                  <th class=\"py-2 text-left font-normal\">\u2013 Fibres<\/th>\n                  <td class=\"py-2 text-right\">2g (7%)<\/td>\n                <\/tr>\n                              <tr class=\"border-b\">\n                  <th class=\"py-2 text-left font-normal\">\u2013 Sucres<\/th>\n                  <td class=\"py-2 text-right\">4g (4%)<\/td>\n                <\/tr>\n                              <tr class=\"border-b\">\n                  <th class=\"py-2 text-left font-normal\">Prot\u00e9ines<\/th>\n                  <td class=\"py-2 text-right\">1g<\/td>\n                <\/tr>\n                              <tr class=\"border-b\">\n                  <th class=\"py-2 text-left font-normal\">Cholest\u00e9rol<\/th>\n                  <td class=\"py-2 text-right\">0mg<\/td>\n                <\/tr>\n                              <tr class=\"border-b\">\n                  <th class=\"py-2 text-left font-normal\">Sodium<\/th>\n                  <td class=\"py-2 text-right\">5mg (0%)<\/td>\n                <\/tr>\n                              <tr class=\"border-b\">\n                  <th class=\"py-2 text-left font-normal\">Potassium<\/th>\n                  <td class=\"py-2 text-right\">450mg (10%)<\/td>\n                <\/tr>\n                              <tr class=\"border-b\">\n                  <th class=\"py-2 text-left font-normal\">Calcium<\/th>\n                  <td class=\"py-2 text-right\">20mg (2%)<\/td>\n                <\/tr>\n                              <tr class=\"border-b\">\n                  <th class=\"py-2 text-left font-normal\">Fer<\/th>\n                  <td class=\"py-2 text-right\">0.4mg (2%)<\/td>\n                <\/tr>\n                              <tr class=\"border-b\">\n                  <th class=\"py-2 text-left font-normal\">*5% ou moins c&#039;est peu, 15% ou plus c&#039;est beaucoup<\/th>\n                  <td class=\"py-2 text-right\"><\/td>\n                <\/tr>\n                          <\/tbody>\n          <\/table>\n              <\/div>\n    <\/div>\n  <\/div>\n\n\n\n\n<div\n  class=\"acf-how-is-it-made alignwide text-center \"\n  data-vue-wrapper\n  >\n      <h2>QUEL EST SON MODE DE PRODUCTION?<\/h2>\n  \n  <slideshow :slides-per-view=\"3\" :slides-per-view-sm=\"1\" :slides-per-view-md=\"2\" name=\"How is it made\" class=\"mb-8\">\n      <\/slideshow>\n\n      <p class=\"is-style-cursive text-5xl\">Pour en savoir plus sur nos modes de production,<\/p>\n  \n      <h3> <a href=\"https:\/\/mutti-parma.com\/can-fr\/de-nos-champs-a-lassiette\/\">VISITER LA PAGE PROCESSUS<\/a>\r\n <\/h3>\n  <\/div>\n\n\n\n\n\n<hr class=\"wp-block-separator has-css-opacity alignwide\"\/>\n\n\n<div class=\"acf-comments alignwide my-8\">\n  <div class=\"flex flex-wrap mb-4 items-center text-center sm:text-left px-0 sm:px-2 md:px-0\">\n    <h3 class=\"w-full sm:w-auto is-style-cursive text-primary my-0 leading-none\">Share and review<\/h3>\n    <div class=\"w-full sm:w-auto flex-auto mt-1 sm:ml-8\">\n          <\/div>\n\n          <div class=\"mx-auto sm:ml-0 mt-3 sm:mt-0\">\n                  <div\n  class=\"shariff\"\n  data-button-style=\"icon\"\n  data-mail-body=\"https:\/\/mutti-parma.com\/can-fr\/produits\/san-marzano-tomates\/\"\n  data-mail-subject=\"San Marzano Tomates - Mutti\"\n  data-mail-url=\"mailto:\"\n  data-media-url=\"https:\/\/mutti-parma.com\/app\/uploads\/sites\/21\/2019\/12\/canadaen-pizza-sauce-copy.png\"\n  data-services=\"[&#039;facebook&#039;, &#039;twitter&#039;, &#039;whatsapp&#039;, &#039;pinterest&#039;, &#039;mail&#039;]\"\n><\/div>\n              <\/div>\n      <\/div>\n\n  <div>\n                <\/div>\n<\/div>\n\n\n\n<hr class=\"wp-block-separator has-css-opacity alignwide\"\/>\n\n\n\n<div class=\"wp-block-group alignwide is-style-default\"><div class=\"wp-block-group__inner-container is-layout-flow wp-block-group-is-layout-flow\">\n<div class=\"wp-block-columns alignwide is-layout-flex wp-container-core-columns-is-layout-9d6595d7 wp-block-columns-is-layout-flex\">\n<div class=\"wp-block-column is-layout-flow wp-block-column-is-layout-flow\">\n<h2 class=\"wp-block-heading\" id=\"sustainability\">Durabilit\u00e9<\/h2>\n\n\n\n<p class=\"is-style-cursive\">Pour nous, durabilit\u00e9 est synonyme de respect de la terre<\/p>\n\n\n\n<h4 class=\"wp-block-heading\">Coop\u00e9ration avec le WWF<\/h4>\n\n\n\n<p>Mutti a travaill\u00e9 en \u00e9troite collaboration avec le WWF Italie afin d\u2019aider les agriculteurs \u00e0 trouver des mani\u00e8res durables de r\u00e9duire leur consommation d\u2019eau et leurs \u00e9missions de CO2. Le WWF italien a non seulement fix\u00e9 des objectifs, mais il a \u00e9galement permis aux agriculteurs d\u2019analyser et d\u2019examiner les donn\u00e9es obtenues afin d\u2019identifier les mesures qu\u2019ils pouvaient prendre. L\u2019organisation a par exemple recommand\u00e9 d\u2019utiliser des capteurs sp\u00e9ciaux qui mesurent l\u2019humidit\u00e9 du sol et donnent des informations utiles pour rationaliser la consommation d\u2019eau. <br><br>Mutti a investi dans la technologie, l\u2019\u00e9ducation et l\u2019assistance technique n\u00e9cessaires aux agriculteurs et aux organisations agricoles. M\u00eame apr\u00e8s la fin de notre projet de cinq ans, nous sommes rest\u00e9s plus engag\u00e9s que jamais afin de minimiser notre impact sur l\u2019environnement et d\u2019am\u00e9liorer chaque \u00e9tape de notre production.<\/p>\n\n\n\n<figure class=\"wp-block-image size-medium is-resized\"><img loading=\"lazy\" decoding=\"async\" src=\"\/app\/uploads\/sites\/3\/2019\/09\/logo-wwf-500x288.png\" alt=\"\" class=\"wp-image-30000078\" width=\"156\" height=\"89\" \/><\/figure>\n<\/div>\n\n\n\n<div class=\"wp-block-column is-layout-flow wp-block-column-is-layout-flow\">\n<div class=\"wp-block-group has-green-background-color has-background\"><div class=\"wp-block-group__inner-container is-layout-flow wp-block-group-is-layout-flow\">\n<h2 class=\"has-text-align-center wp-block-heading\">R\u00c9SULTATS<\/h2>\n\n\n\n<div class=\"wp-block-columns is-layout-flex wp-container-core-columns-is-layout-9d6595d7 wp-block-columns-is-layout-flex\">\n<div class=\"wp-block-column is-layout-flow wp-block-column-is-layout-flow\">\n<div class=\"wp-block-image\"><figure class=\"aligncenter size-large is-resized\"><img loading=\"lazy\" decoding=\"async\" src=\"https:\/\/mutti-parma.com\/app\/uploads\/sites\/3\/2019\/09\/icon-sustainable-water.svg\" alt=\"\" class=\"wp-image-30000085\" width=\"53\" height=\"91\" \/><\/figure><\/div>\n\n\n\n<h4 class=\"has-text-align-center wp-block-heading\"> 1 000 millions de litres d\u2019eau \u00e9conomis\u00e9s* <\/h4>\n\n\n\n<p class=\"has-text-align-center has-sm-font-size\">*entre 2012 et 2014 (Source : donn\u00e9es recueillies par le WWF et le Centre euro-m\u00e9diterran\u00e9en sur le changement climatique en Italie)<\/p>\n<\/div>\n\n\n\n<div class=\"wp-block-column is-layout-flow wp-block-column-is-layout-flow\">\n<div class=\"wp-block-image\"><figure class=\"aligncenter size-large is-resized\"><img loading=\"lazy\" decoding=\"async\" src=\"https:\/\/mutti-parma.com\/app\/uploads\/sites\/3\/2019\/09\/icon-sustainable-co2.svg\" alt=\"\" class=\"wp-image-30000086\" width=\"114\" height=\"88\" \/><\/figure><\/div>\n\n\n\n<h4 class=\"has-text-align-center wp-block-heading\"> 31 530 tonnes de CO2 (dioxyde de carbone) \u00e9vit\u00e9es.<\/h4>\n\n\n\n<p class=\"has-text-align-center has-sm-font-size\">*entre 2010 et 2015 par rapport aux niveaux de 2009 (Source : donn\u00e9es recueillies par le WWF et le groupe d\u2019efficacit\u00e9 \u00e9nerg\u00e9tique Officinae Verdi)<\/p>\n<\/div>\n<\/div>\n<\/div><\/div>\n<\/div>\n<\/div>\n<\/div><\/div>\n\n\n\n\n\n\n\n\n\n\n\n\n<div class=\"acf-related-products mb-8 lg:mb-16 \" data-vue-wrapper>\n      <h3 class=\"text-center\">AUTRES PRODUITS DE LA GAMME<\/h3>\n  \n      <slideshow :slides-per-view=\"3\" :navigation=\"true\" class=\"mx-8 lg:-mx-12\" name=\"Related Products\">\n              <div class=\"swiper-slide\">\n          <div class=\"text-center hover:lift-img mx-auto max-w-28\">\n      <a href=\"https:\/\/mutti-parma.com\/can-fr\/produits\/cerises-tomates\/\" class=\"block\">\n            <div class=\"responsive-embed is-contain\" style=\"padding-bottom: 188.23529411765%;\"><img decoding=\"async\" width=\"404\" height=\"766\" src=\"https:\/\/mutti-parma.com\/app\/uploads\/sites\/21\/2019\/12\/canadafr-cherry-tomato-400.png\" class=\"inline-block mt-2 wp-image-687\" alt=\"Cerises Tomates\" sizes=\"auto, 126px\" data-spai-crop=\"false\" title=\"Cerises Tomates\" srcset=\"https:\/\/mutti-parma.com\/app\/uploads\/sites\/21\/2019\/12\/canadafr-cherry-tomato-400.png 404w, https:\/\/mutti-parma.com\/app\/uploads\/sites\/21\/2019\/12\/canadafr-cherry-tomato-400-105x200.png 105w, https:\/\/mutti-parma.com\/app\/uploads\/sites\/21\/2019\/12\/canadafr-cherry-tomato-400-264x500.png 264w, https:\/\/mutti-parma.com\/app\/uploads\/sites\/21\/2019\/12\/canadafr-cherry-tomato-400-150x284.png 150w\" loading=\"lazy\" \/><\/div>\n    <\/a>\n  \n  <a class=\"block underline mb-2 mt-2\" href=\"https:\/\/mutti-parma.com\/can-fr\/produits\/cerises-tomates\/\">\n    <h3 class=\"h4\">Cerises Tomates<\/h3>\n  <\/a>\n\n      <a class=\"block hover:no-underline text-inherit\" href=\"https:\/\/mutti-parma.com\/can-fr\/produits\/cerises-tomates\/\">\n      Sp\u00e9cialit\u00e9s\n    <\/a>\n  <\/div>\n        <\/div>\n              <div class=\"swiper-slide\">\n          <div class=\"text-center hover:lift-img mx-auto max-w-28\">\n      <a href=\"https:\/\/mutti-parma.com\/can-fr\/produits\/mini-roma-tomates\/\" class=\"block\">\n            <div class=\"responsive-embed is-contain\" style=\"padding-bottom: 188.23529411765%;\"><img decoding=\"async\" width=\"404\" height=\"766\" src=\"https:\/\/mutti-parma.com\/app\/uploads\/sites\/21\/2019\/12\/canadafr-mini-roma.png\" class=\"inline-block mt-2 wp-image-688\" alt=\"Mini Roma Tomates\" sizes=\"auto, 126px\" data-spai-crop=\"false\" title=\"Mini Roma Tomates\" srcset=\"https:\/\/mutti-parma.com\/app\/uploads\/sites\/21\/2019\/12\/canadafr-mini-roma.png 404w, https:\/\/mutti-parma.com\/app\/uploads\/sites\/21\/2019\/12\/canadafr-mini-roma-105x200.png 105w, https:\/\/mutti-parma.com\/app\/uploads\/sites\/21\/2019\/12\/canadafr-mini-roma-264x500.png 264w, https:\/\/mutti-parma.com\/app\/uploads\/sites\/21\/2019\/12\/canadafr-mini-roma-150x284.png 150w\" loading=\"lazy\" \/><\/div>\n    <\/a>\n  \n  <a class=\"block underline mb-2 mt-2\" href=\"https:\/\/mutti-parma.com\/can-fr\/produits\/mini-roma-tomates\/\">\n    <h3 class=\"h4\">Mini Roma Tomates<\/h3>\n  <\/a>\n\n      <a class=\"block hover:no-underline text-inherit\" href=\"https:\/\/mutti-parma.com\/can-fr\/produits\/mini-roma-tomates\/\">\n      Sp\u00e9cialit\u00e9s\n    <\/a>\n  <\/div>\n        <\/div>\n          <\/slideshow>\n  <\/div>\n\n\n","protected":false},"excerpt":{"rendered":"","protected":false},"featured_media":724,"comment_status":"open","ping_status":"closed","template":"","product_category":[58],"class_list":["post-650","product","type-product","status-publish","has-post-thumbnail","hentry","product_category-product-category-49"],"acf":[],"_links":{"self":[{"href":"https:\/\/mutti-parma.com\/can-fr\/wp-json\/wp\/v2\/product\/650","targetHints":{"allow":["GET"]}}],"collection":[{"href":"https:\/\/mutti-parma.com\/can-fr\/wp-json\/wp\/v2\/product"}],"about":[{"href":"https:\/\/mutti-parma.com\/can-fr\/wp-json\/wp\/v2\/types\/product"}],"replies":[{"embeddable":true,"href":"https:\/\/mutti-parma.com\/can-fr\/wp-json\/wp\/v2\/comments?post=650"}],"version-history":[{"count":17,"href":"https:\/\/mutti-parma.com\/can-fr\/wp-json\/wp\/v2\/product\/650\/revisions"}],"predecessor-version":[{"id":1952,"href":"https:\/\/mutti-parma.com\/can-fr\/wp-json\/wp\/v2\/product\/650\/revisions\/1952"}],"wp:featuredmedia":[{"embeddable":true,"href":"https:\/\/mutti-parma.com\/can-fr\/wp-json\/wp\/v2\/media\/724"}],"wp:attachment":[{"href":"https:\/\/mutti-parma.com\/can-fr\/wp-json\/wp\/v2\/media?parent=650"}],"wp:term":[{"taxonomy":"product_category","embeddable":true,"href":"https:\/\/mutti-parma.com\/can-fr\/wp-json\/wp\/v2\/product_category?post=650"}],"curies":[{"name":"wp","href":"https:\/\/api.w.org\/{rel}","templated":true}]}}